{"id":173,"date":"2021-01-17T10:29:43","date_gmt":"2021-01-17T09:29:43","guid":{"rendered":"http:\/\/progwin.com.pl\/saluber\/?page_id=173"},"modified":"2022-07-19T13:25:55","modified_gmt":"2022-07-19T11:25:55","slug":"aktualnosci-2","status":"publish","type":"page","link":"https:\/\/przychodnia-saluber.pl\/index.php\/aktualnosci-2\/","title":{"rendered":"Informacje og\u00f3lne"},"content":{"rendered":"\n<p>Szczepienia i bilanse wykonywane s\u0105 od wtorku do pi\u0105tku w godzinach:<\/p>\n\n\n\n<p>wtorek 11:00 &#8211; 13:30<\/p>\n\n\n\n<p>\u015broda 12:00 &#8211; 13:15<\/p>\n\n\n\n<p>czwartek 11:00 &#8211; 12:45<\/p>\n\n\n\n<p>pi\u0105tek 12:00 &#8211; 13:15<\/p>\n\n\n\n<p>Istnieje mo\u017cliwo\u015b\u0107 szczepienia w czwartek po po\u0142udniu, tylko po wcze\u015bniejszym um\u00f3wieniu si\u0119, ustaleniu terminu z rejestracj\u0105 lub lekarzem. <\/p>\n\n\n\n<figure class=\"wp-block-image size-large\"><img fetchpriority=\"high\" decoding=\"async\" width=\"376\" height=\"225\" src=\"http:\/\/progwin.com.pl\/saluber\/wp-content\/uploads\/2021\/01\/szczepienie.jpg\" alt=\"\" class=\"wp-image-275\" srcset=\"https:\/\/przychodnia-saluber.pl\/wp-content\/uploads\/2021\/01\/szczepienie.jpg 376w, https:\/\/przychodnia-saluber.pl\/wp-content\/uploads\/2021\/01\/szczepienie-300x180.jpg 300w\" sizes=\"(max-width: 376px) 100vw, 376px\" \/><\/figure>\n\n\n\n<p>W przychodni wykonywane s\u0105 szczepienia obowi\u0105zkowe zgodnie z obowi\u0105zuj\u0105cym kalendarzem szczepie\u0144\/bezp\u0142atne \/ &nbsp;oraz wszystkie szczepienia zalecane &nbsp;\/ p\u0142atne\/.<\/p>\n\n\n\n<p>Istnieje mo\u017cliwo\u015b\u0107 wykonania szczepie\u0144 komercyjnych przed podr\u00f3\u017c\u0105 tylko&nbsp; po wcze\u015bniejszym uzgodnieniu z kompetentnym w tej kwestii&nbsp; personelem \/lekarz, piel\u0119gniarka szczepienna\/.<\/p>\n","protected":false},"excerpt":{"rendered":"<p>Szczepienia i bilanse wykonywane s\u0105 od wtorku do pi\u0105tku w godzinach: wtorek 11:00 &#8211; 13:30 \u015broda 12:00 &#8211; 13:15 czwartek 11:00 &#8211; 12:45 pi\u0105tek 12:00 &#8211; 13:15 Istnieje mo\u017cliwo\u015b\u0107 szczepienia w czwartek po po\u0142udniu, tylko po wcze\u015bniejszym um\u00f3wieniu si\u0119, ustaleniu &hellip; <a href=\"https:\/\/przychodnia-saluber.pl\/index.php\/aktualnosci-2\/\">Continued<\/a><\/p>\n","protected":false},"author":1,"featured_media":275,"parent":0,"menu_order":0,"comment_status":"closed","ping_status":"closed","template":"","meta":{"footnotes":""},"class_list":["post-173","page","type-page","status-publish","has-post-thumbnail","hentry"],"_links":{"self":[{"href":"https:\/\/przychodnia-saluber.pl\/index.php\/wp-json\/wp\/v2\/pages\/173","targetHints":{"allow":["GET"]}}],"collection":[{"href":"https:\/\/przychodnia-saluber.pl\/index.php\/wp-json\/wp\/v2\/pages"}],"about":[{"href":"https:\/\/przychodnia-saluber.pl\/index.php\/wp-json\/wp\/v2\/types\/page"}],"author":[{"embeddable":true,"href":"https:\/\/przychodnia-saluber.pl\/index.php\/wp-json\/wp\/v2\/users\/1"}],"replies":[{"embeddable":true,"href":"https:\/\/przychodnia-saluber.pl\/index.php\/wp-json\/wp\/v2\/comments?post=173"}],"version-history":[{"count":8,"href":"https:\/\/przychodnia-saluber.pl\/index.php\/wp-json\/wp\/v2\/pages\/173\/revisions"}],"predecessor-version":[{"id":339,"href":"https:\/\/przychodnia-saluber.pl\/index.php\/wp-json\/wp\/v2\/pages\/173\/revisions\/339"}],"wp:featuredmedia":[{"embeddable":true,"href":"https:\/\/przychodnia-saluber.pl\/index.php\/wp-json\/wp\/v2\/media\/275"}],"wp:attachment":[{"href":"https:\/\/przychodnia-saluber.pl\/index.php\/wp-json\/wp\/v2\/media?parent=173"}],"curies":[{"name":"wp","href":"https:\/\/api.w.org\/{rel}","templated":true}]}}