{"id":167,"date":"2021-01-17T10:28:16","date_gmt":"2021-01-17T09:28:16","guid":{"rendered":"http:\/\/progwin.com.pl\/saluber\/?page_id=167"},"modified":"2023-08-02T19:59:17","modified_gmt":"2023-08-02T17:59:17","slug":"koronawirus","status":"publish","type":"page","link":"https:\/\/przychodnia-saluber.pl\/index.php\/koronawirus\/","title":{"rendered":"Koronawirus"},"content":{"rendered":"\n<p><strong>Aktualnie odwo\u0142ano stan epidemii.<\/strong><\/p>\n\n\n\n<p>Pami\u0119taj jednak o podstawowych \u015brodkach ochronnych przeciw koronawirusowi wywo\u0142uj\u0105cych chorob\u0119 COVID-19.<\/p>\n\n\n\n<h2 class=\"wp-block-heading\"><strong><span style=\"color:#e70808\" class=\"has-inline-color\">ZALECENIA<\/span><\/strong><\/h2>\n\n\n\n<p>Cz\u0119sto myj r\u0119ce<\/p>\n\n\n\n<p>Cz\u0119sto myj r\u0119ce u\u017cywaj\u0105c myd\u0142a i wody, a je\u015bli nie masz do nich dost\u0119pu, u\u017cywaj p\u0142yn\u00f3w\/\u017celi na bazie alkoholu (min. 60%).<\/p>\n\n\n\n<p><strong>Dlaczego?<\/strong>&nbsp;Mycie r\u0105k ww. metodami zabija wirusa, je\u015bli znajduje si\u0119 on na r\u0119kach.<\/p>\n\n\n\n<p>Stosuj odpowiednie zasady ochrony podczas kaszlu i kichania<\/p>\n\n\n\n<p>Podczas kaszlu i kichania zakryj usta i nos zgi\u0119tym \u0142okciem lub chusteczk\u0105 \u2013 natychmiast wyrzu\u0107 chusteczk\u0119 do zamkni\u0119tego kosza i umyj r\u0119ce u\u017cywaj\u0105c myd\u0142a i wody, a je\u015bli nie masz do nich dost\u0119pu \u2013 p\u0142yn\u00f3w\/\u017celi na bazie alkoholu (min. 60%).<\/p>\n\n\n\n<p><strong>Dlaczego?<\/strong>&nbsp;Zakrycie ust i nosa podczas kaszlu i kichania zapobiega rozprzestrzenianiu si\u0119 zarazk\u00f3w i wirus\u00f3w. Je\u015bli kichasz lub kaszlesz w d\u0142onie, mo\u017cesz zanieczy\u015bci\u0107 przedmioty lub dotykane osoby.<\/p>\n\n\n\n<p>Zachowaj bezpieczn\u0105 odleg\u0142o\u015b\u0107<\/p>\n\n\n\n<p>Zachowaj co najmniej 2 metr\u00f3w odleg\u0142o\u015bci mi\u0119dzy sob\u0105 a innymi lud\u017ami, szczeg\u00f3lnie tymi, kt\u00f3rzy kaszl\u0105, kichaj\u0105 i maj\u0105 gor\u0105czk\u0119.<\/p>\n\n\n\n<p><strong>Dlaczego?<\/strong>&nbsp;Gdy kto\u015b zara\u017cony wirusem powoduj\u0105cym chorob\u0119 uk\u0142adu oddechowego, tak\u0105 jak COVID-19, kaszle lub kicha, wydala pod ci\u015bnieniem ma\u0142e kropelki \u015bliny i \u015bluzu zawieraj\u0105ce wirusa. Je\u015bli jeste\u015b zbyt blisko, istnieje ryzyko, \u017ce mo\u017cesz wdycha\u0107 wirusa.<\/p>\n\n\n\n<p>Unikaj dotykania oczu, nosa i ust<\/p>\n\n\n\n<p><strong>Dlaczego?<\/strong>&nbsp;D\u0142onie dotykaj\u0105 wielu powierzchni, kt\u00f3re mog\u0105 by\u0107 ska\u017cone wirusem. Je\u015bli dotkniesz oczu, nosa lub ust zanieczyszczonymi r\u0119kami, mo\u017cesz przenie\u015b\u0107 wirusa z powierzchni na siebie.<\/p>\n\n\n\n<p>Je\u015bli masz gor\u0105czk\u0119, kaszel, trudno\u015bci w oddychaniu, zasi\u0119gnij pomocy medycznej<\/p>\n\n\n\n<p>Je\u015bli masz gor\u0105czk\u0119, kaszel, trudno\u015bci w oddychaniu, zasi\u0119gnij pomocy medycznej .<\/p>\n\n\n\n<p><strong>Dlaczego?<\/strong>&nbsp;Objawy ze strony uk\u0142adu oddechowego z towarzysz\u0105c\u0105 gor\u0105czk\u0105 mog\u0105 mie\u0107 wiele przyczyn np. wirusow\u0105 (wirusy grypy, adenowirusy, rynowirusy,&nbsp;koronawirusy) czy bakteryjn\u0105 (pa\u0142eczka Haemophilus influenzaea, pa\u0142eczka krztu\u015bca, chlamydia, mykoplazama).<\/p>\n\n\n\n<p>Chro\u0144 siebie i innych przed zachorowaniem<\/p>\n\n\n\n<p>Zach\u0119camy do zapoznania si\u0119 informacjami zamieszczanymi&nbsp;na&nbsp;<a href=\"https:\/\/gis.gov.pl\/\">stronie internetowej G\u0142\u00f3wnego Inspektoratu Sanitarnego<\/a><\/p>\n\n\n\n<p><\/p>\n\n\n","protected":false},"excerpt":{"rendered":"<p>Aktualnie odwo\u0142ano stan epidemii. Pami\u0119taj jednak o podstawowych \u015brodkach ochronnych przeciw koronawirusowi wywo\u0142uj\u0105cych chorob\u0119 COVID-19. ZALECENIA Cz\u0119sto myj r\u0119ce Cz\u0119sto myj r\u0119ce u\u017cywaj\u0105c myd\u0142a i wody, a je\u015bli nie masz do nich dost\u0119pu, u\u017cywaj p\u0142yn\u00f3w\/\u017celi na bazie alkoholu (min. 60%). &hellip; <a href=\"https:\/\/przychodnia-saluber.pl\/index.php\/koronawirus\/\">Continued<\/a><\/p>\n","protected":false},"author":1,"featured_media":0,"parent":0,"menu_order":0,"comment_status":"closed","ping_status":"closed","template":"","meta":{"footnotes":""},"class_list":["post-167","page","type-page","status-publish","hentry"],"_links":{"self":[{"href":"https:\/\/przychodnia-saluber.pl\/index.php\/wp-json\/wp\/v2\/pages\/167","targetHints":{"allow":["GET"]}}],"collection":[{"href":"https:\/\/przychodnia-saluber.pl\/index.php\/wp-json\/wp\/v2\/pages"}],"about":[{"href":"https:\/\/przychodnia-saluber.pl\/index.php\/wp-json\/wp\/v2\/types\/page"}],"author":[{"embeddable":true,"href":"https:\/\/przychodnia-saluber.pl\/index.php\/wp-json\/wp\/v2\/users\/1"}],"replies":[{"embeddable":true,"href":"https:\/\/przychodnia-saluber.pl\/index.php\/wp-json\/wp\/v2\/comments?post=167"}],"version-history":[{"count":7,"href":"https:\/\/przychodnia-saluber.pl\/index.php\/wp-json\/wp\/v2\/pages\/167\/revisions"}],"predecessor-version":[{"id":354,"href":"https:\/\/przychodnia-saluber.pl\/index.php\/wp-json\/wp\/v2\/pages\/167\/revisions\/354"}],"wp:attachment":[{"href":"https:\/\/przychodnia-saluber.pl\/index.php\/wp-json\/wp\/v2\/media?parent=167"}],"curies":[{"name":"wp","href":"https:\/\/api.w.org\/{rel}","templated":true}]}}