{"id":165,"date":"2021-01-17T10:27:58","date_gmt":"2021-01-17T09:27:58","guid":{"rendered":"http:\/\/progwin.com.pl\/saluber\/?page_id=165"},"modified":"2024-08-11T07:47:03","modified_gmt":"2024-08-11T05:47:03","slug":"aktualnosci","status":"publish","type":"page","link":"https:\/\/przychodnia-saluber.pl\/index.php\/aktualnosci\/","title":{"rendered":"Aktualno\u015bci"},"content":{"rendered":"\n<p>Przypominamy o mo\u017cliwo\u015bci szczepie\u0144 dzieci i os\u00f3b doros\u0142ych przeciwko brodawczakowi ludzkiemu (HPV) oraz komercyjnego szczepienia os\u00f3b doros\u0142ych przeciwko pneumokokom, krztu\u015bcowi, meningokokom.<\/p>\n\n\n\n<p>Je\u015bli jeste\u015b zainteresowany skontaktuj si\u0119 z lekarzem lub piel\u0119gniark\u0105 szczepienn\u0105.&nbsp;&nbsp;<\/p>\n","protected":false},"excerpt":{"rendered":"<p>Przypominamy o mo\u017cliwo\u015bci szczepie\u0144 dzieci i os\u00f3b doros\u0142ych przeciwko brodawczakowi ludzkiemu (HPV) oraz komercyjnego szczepienia os\u00f3b doros\u0142ych przeciwko pneumokokom, krztu\u015bcowi, meningokokom. Je\u015bli jeste\u015b zainteresowany skontaktuj si\u0119 z lekarzem lub piel\u0119gniark\u0105 szczepienn\u0105.&nbsp;&nbsp;<\/p>\n","protected":false},"author":1,"featured_media":0,"parent":0,"menu_order":0,"comment_status":"closed","ping_status":"closed","template":"","meta":{"footnotes":""},"class_list":["post-165","page","type-page","status-publish","hentry"],"_links":{"self":[{"href":"https:\/\/przychodnia-saluber.pl\/index.php\/wp-json\/wp\/v2\/pages\/165","targetHints":{"allow":["GET"]}}],"collection":[{"href":"https:\/\/przychodnia-saluber.pl\/index.php\/wp-json\/wp\/v2\/pages"}],"about":[{"href":"https:\/\/przychodnia-saluber.pl\/index.php\/wp-json\/wp\/v2\/types\/page"}],"author":[{"embeddable":true,"href":"https:\/\/przychodnia-saluber.pl\/index.php\/wp-json\/wp\/v2\/users\/1"}],"replies":[{"embeddable":true,"href":"https:\/\/przychodnia-saluber.pl\/index.php\/wp-json\/wp\/v2\/comments?post=165"}],"version-history":[{"count":4,"href":"https:\/\/przychodnia-saluber.pl\/index.php\/wp-json\/wp\/v2\/pages\/165\/revisions"}],"predecessor-version":[{"id":411,"href":"https:\/\/przychodnia-saluber.pl\/index.php\/wp-json\/wp\/v2\/pages\/165\/revisions\/411"}],"wp:attachment":[{"href":"https:\/\/przychodnia-saluber.pl\/index.php\/wp-json\/wp\/v2\/media?parent=165"}],"curies":[{"name":"wp","href":"https:\/\/api.w.org\/{rel}","templated":true}]}}